he second derivative of -d**3/6 + d**2/2 - 2*d. Let i = -3 + 23. Calculate the remainder when i is divided by v(-6).
6
Suppose 2*r + 3*u - 74 = -2*r, 3*r - 2*u - 47 = 0. Calculate the remainder when 67 is divided by r.
16
Suppose 0*h + 3*h + 15 = 0, 5*o - 70 = 5*h. Calculate the remainder when 34 is divided by o.
7
Suppose -2*q + 0*h = 4*h - 48, 24 = q - 2*h. Let i = -16 + q. Calculate the remainder when 30 is divided by i.
6
Let h(r) = -r - 2. Let t be h(0). Suppose i + 2 - 8 = 0. Calculate the remainder when ((-2)/t - 0) + 16 is divided by i.
5
Let f be ((-8)/10)/((-16)/(-40)). What is the remainder when (74/3)/(4/6) is divided by (-32)/(-2) + (1 - f)?
18
Let t = 75 + -39. Calculate the remainder when t is divided by 10.
6
What is the remainder when 19 is divided by (-20)/5 + 5 - -1*14?
4
Let o(i) = -35*i**3 - 2*i**2 + 1. Let w be (-2)/7 - 20/28. Let t = 12 + 0. Calculate the remainder when o(w) is divided by t.
10
Let g be (-540)/(-28) - (-4)/(-14). Suppose 0*i - i + g = 0. Let q = -20 - -30. What is the remainder when i is divided by q?
9
Calculate the remainder when 62 is divided by 35 + (-4 - 3*(-1)/3).
30
Let s = 23 + -12. Let z = s - 8. Suppose -2*n + n + 3 = -3*j, 0 = -z*n - 5*j + 9. Calculate the remainder when 5 is divided by n.
2
Let p(c) = -c**3 - 3*c**2 + 2*c - 4. Calculate the remainder when p(-4) is divided by 4.
0
Suppose o = 4*a - 2, -5*o = -5*a + 11 - 46. Let v(i) = -i + 2. What is the remainder when (1 + o)*(0 - -1) is divided by v(-4)?
5
Suppose 3*a + 2*a = 285. What is the remainder when a is divided by 15?
12
Let w(d) = -d**3 + 5*d**2 + 5*d + 6. Let s be w(6). Calculate the remainder when 23 is divided by (s + 2 + 0)*6.
11
Suppose -4*a + 4*d + 5 = 3*d, -9 = -3*d. Suppose -a*o = o + 3*j, 0 = 5*j + 25. What is the remainder when -21*((-1)/(-3) + -1) is divided by o?
4
Suppose -50 = -3*q - 2*q. Suppose -q = -z - 0. What is the remainder when 32 is divided by (-4)/z + (-174)/(-10)?
15
Let q = 69 + -23. What is the remainder when q is divided by 18?
10
Suppose 40 = 4*a - 8. Let m be 3/a + (-202)/8. Let c = m + 60. What is the remainder when c is divided by 12?
11
Suppose 4*n = -3*k + 187, -3*n = -4*k - 87 - 72. Calculate the remainder when n is divided by 27.
22
Let f(k) = k**2 - 3*k + 3. Let p be f(3). Let b = p + 7. Calculate the remainder when 49 is divided by b.
9
Suppose 5*y = -4*o + 19, -3*y + 3*o + 12 = 2*y. Suppose 0 = -y*d + d + 10. Let a = -3 - -7. Calculate the remainder when d is divided by a.
1
Let p(d) be the third derivative of d**5/60 - 5*d**4/24 + d**3/6 + d**2. Let q be (-1)/(-1) + (-5)/1. Calculate the remainder when p(q) is divided by 13.
11
Let p = 24 - 13. Let c(v) = 5*v**2 - 1. Calculate the remainder when p is divided by c(1).
3
Suppose -2*p - 2*p + 68 = 2*f, 0 = -2*f + p + 68. Let t = f + -14. Calculate the remainder when t is divided by 7.
6
Let m = 285 + -156. Suppose -h = h + 4, 2*h + m = 5*g. Calculate the remainder when g is divided by 9.
7
Suppose 0 = 5*y + 20, 4*u - 127 = -y - 15. What is the remainder when u is divided by (-7)/42 + 98/12?
5
Let s be 296/16 + 6/4. Calculate the remainder when 9 is divided by (5 + 0)*s/25.
1
Let t = 98 - 68. What is the remainder when 88 is divided by t?
28
Let v be (-2)/3 - (-355)/15. Suppose 0*g + v = 3*w + 2*g, -w - g = -8. Calculate the remainder when 18 is divided by w.
4
Let w(v) = -5*v + 4*v + 0 + 3 - v. Suppose -4 = -4*b - 24. Calculate the remainder when w(b) is divided by 7.
6
Suppose 5*d = -2*r + 73, 6*d + r - 56 = 2*d. Let h(f) = f**2 + 10*f + 13. Calculate the remainder when h(-12) is divided by d.
11
Let q(k) = 3*k - 1. Calculate the remainder when 37 is divided by q(3).
5
Let p = -10 + 4. Let h be 2/1 + 3 + p. Calculate the remainder when 32 is divided by (4/(-8))/(h/22).
10
Let w = 21 + -35. Let i = 22 + w. What is the remainder when 22 is divided by i?
6
Let q = -33 - -102. Suppose 27 - q = -2*g. What is the remainder when 61 is divided by g?
19
Suppose 0 = -6*w + w + 200. Let u = w - -9. What is the remainder when u is divided by (5 + -2)/(-3) + 18?
15
Let z be ((-25)/15)/(2/(-6)). Suppose -4*l + 37 = l + 4*p, z*l - p - 22 = 0. Calculate the remainder when 13 is divided by l.
3
Suppose 8*m - 4*m - 80 = 0. Calculate the remainder when 77 is divided by m.
17
Let s = 28 - 9. What is the remainder when 130 is divided by s?
16
Let b = 202 - 86. Suppose 3*u + 50 = v - u, -4*v + b = 5*u. Suppose -3*d + 36 = d. Calculate the remainder when v is divided by d.
7
Suppose 0 = 2*v - 5*v + 60. Let r be (2/4)/(3 - 23/8). Suppose -190 = -3*m - 2*f, -r*f = f + v. What is the remainder when m is divided by 17?
15
Let r = -6 + 7. What is the remainder when 25 is divided by (r - (0 - -2))*-13?
12
Suppose 0 = 4*h + 2*l - 42, 2*h + l = -l + 22. Calculate the remainder when 111/6*2 - -1 is divided by h.
8
Let t = 19 - 18. What is the remainder when t is divided by 1?
0
Suppose n = -5*n + 48. Calculate the remainder when 71 is divided by n.
7
Let v(f) = 126*f - 1. Let s be v(3). Calculate the remainder when 9 is divided by (-2)/9 + s/117.
0
Suppose 0 = -4*y + 3*y + 66. Calculate the remainder when y is divided by 17.
15
Let i(u) = -5*u**3 - u**2 - u - 1. Let s be i(-1). Let x be 81/(-3)*s/6. Let m = -6 - x. Calculate the remainder when 23 is divided by m.
11
Let u(r) = 5*r**3 - 3*r**2 - r + 3. What is the remainder when u(2) is divided by 10?
9
Let w be (1*2)/(30/45). Suppose -w*d + 46 = -t, 0*t = -d + 3*t + 2. What is the remainder when 66 is divided by d?
15
Let a be (-12)/(-18) + (-7)/(-3). Calculate the remainder when 16 is divided by (a/6*-10)/(-1).
1
Calculate the remainder when 75 is divided by (-4)/14 - (-405)/21.
18
Let v be 38/(-4) - 1/(-2). Let s(l) = l**3 + 8*l**2 - 9*l + 10. What is the remainder when (3/(-2))/(2/(-36)) is divided by s(v)?
7
Suppose -h + 5*m = h - 46, -2*h - 3*m + 62 = 0. What is the remainder when 11 is divided by 5/2*h/10?
4
Suppose 2 = -2*w + 5*c - 3, w - 2*c = 0. What is the remainder when 39 is divided by w?
9
Let u be (4 - -4) + -2 + 1. Let l = -4 + u. Calculate the remainder when l is divided by 2.
1
Let b = 8 + -5. Let m = 2 + b. Suppose 2*t + m*j = 50, -4*t - 5*j + 69 = -31. What is the remainder when t is divided by 9?
7
Suppose -3*a - 1 = -10. What is the remainder when a is divided by 2?
1
Let q(a) = -a**2 - 10*a - 3. Let g be q(-9). Let s(w) = 1 - 2 + 0*w + 2*w. Calculate the remainder when 20 is divided by s(g).
9
Suppose -4*o = -m - 0*m + 22, 2*o = 3*m - 16. Let i = -14 - -27. What is the remainder when i is divided by (3/m)/((-6)/(-32))?
5
Let c(g) = 2*g**2 + 5*g + 2. Calculate the remainder when 53 is divided by c(-4).
11
Suppose -3*q + 0*q = 15. Let d = 14 - q. Calculate the remainder when d is divided by 10.
9
Let a(x) = -2*x + 35. Calculate the remainder when a(-11) is divided by 5.
2
Let q(m) = 0 + 7*m + 2*m + 8 - 3*m. Let a be q(6). Let t = a + -12. What is the remainder when t is divided by 17?
15
Let y(u) = -3*u. Let t be (-175)/30 - 2/12. What is the remainder when y(-7) is divided by (22/6)/((-2)/t)?
10
Let z(o) = -7*o - 1. Let s be z(-1). Suppose -s*a + 78 = -3*a. Calculate the remainder when a is divided by 9.
8
Let c = 4 - 1. What is the remainder when -6 + 9 + 1*49 is divided by 0 - (-54)/(c + 0)?
16
Suppose 1884 + 1194 = 19*b. Calculate the remainder when b is divided by 33.
30
Suppose 4*b - 64 = -0. What is the remainder when 63 is divided by b?
15
Let l(s) = 5*s**2 + 6*s - 2. What is the remainder when 73 is divided by l(-3)?
23
Suppose -5*g = 4*c - 2, -12 = -5*c - 3*g - 3. Let v = -3 - -4. Let z = v - -1. What is the remainder when c is divided by z?
1
Suppose 4*b + 92 = 8*b. What is the remainder when 91 is divided by b?
22
Suppose -23 = 3*f + 4. Let l = f + 18. Calculate the remainder when 17 is divided by l.
8
Let c(p) = -p - 6. Let j be c(-11). Suppose 116 = j*f - 3*f. Calculate the remainder when f is divided by 15.
13
Suppose 0 = -5*o - 4 - 21. Let n = o - -7. Calculate the remainder when 5 is divided by n.
1
Suppose 2*l = 4*l. Suppose -6*b + 2*b = -4*a - 24, -3*b - 2*a + 43 = l. What is the remainder when 20 is divided by b?
9
Let r be 500/18 - 12/(-54). Suppose -f = -3*f + r. Suppose -52 = -v + 5*a, 0 = 2*v - 5*a - 57 - 22. Calculate the remainder when v is divided by f.
13
Let b(c) = -c**3 -